729 composite?
False
Is 105180395849 a composite number?
False
Is 12459052843 a composite number?
False
Is 3242562353 prime?
True
Is 5802118831 prime?
False
Is 335856799 a composite number?
False
Is 9415231937 prime?
False
Is 937635299 a prime number?
False
Is 43921245019 a prime number?
True
Is 2634938497 a composite number?
False
Is 5321106863 prime?
False
Is 7774836409 prime?
True
Is 77151234209 composite?
True
Is 3043704253 composite?
False
Is 218899199 a composite number?
True
Is 646261807 a composite number?
True
Is 33377422601 prime?
False
Is 11836522105 a composite number?
True
Is 1245965083 a composite number?
True
Is 22524498173 a prime number?
True
Is 69352253941 a prime number?
False
Is 3730807 prime?
False
Is 101647095023 a prime number?
True
Is 2166147811 a prime number?
True
Is 13785161699 composite?
False
Is 20849470427 a composite number?
False
Is 3416727739 a prime number?
False
Is 280141471 a prime number?
True
Is 113483702609 composite?
True
Is 366354448469 composite?
False
Is 1776404233 a composite number?
True
Is 13447769219 prime?
False
Is 31574758211 prime?
True
Is 3301200415 a prime number?
False
Is 1572973189 prime?
False
Is 3396217777 composite?
False
Is 158681843 prime?
False
Is 13283225581 prime?
False
Is 664764337 a composite number?
False
Is 595058923 a composite number?
True
Is 81826007371 a prime number?
True
Is 185495333 a prime number?
True
Is 3426768811 composite?
True
Is 459710617 composite?
True
Is 507619211 composite?
True
Is 1050955783 composite?
True
Is 1534122669 composite?
True
Is 13397508703 a prime number?
False
Is 23881047937 prime?
True
Is 11997145823 composite?
True
Is 22667513413 prime?
False
Is 82474099 prime?
True
Is 2449189097 a composite number?
True
Is 18217625669 a composite number?
True
Is 9462513449 a composite number?
False
Is 2992743321 a composite number?
True
Is 53201455873 prime?
False
Is 708035135 prime?
False
Is 7348175157 a prime number?
False
Is 2392272451 prime?
True
Is 19024974849 prime?
False
Is 41177760457 composite?
False
Is 1498948873 composite?
True
Is 5987030905 a composite number?
True
Is 79923986083 a prime number?
True
Is 3558980443 prime?
True
Is 157584701 prime?
True
Is 1462079221 prime?
True
Is 3037130449 composite?
True
Is 250144855 a prime number?
False
Is 332682157 prime?
True
Is 932888123 a composite number?
False
Is 121547341463 prime?
False
Is 937288437 a composite number?
True
Is 3865596677 a composite number?
True
Is 9437287811 a prime number?
False
Is 45025180523 a composite number?
True
Is 907227163 a prime number?
True
Is 29189153359 a prime number?
True
Is 565636810463 a prime number?
True
Is 2307405743 composite?
True
Is 5870207893 a prime number?
False
Is 22974688507 composite?
True
Is 81891051157 a composite number?
False
Is 35328767629 composite?
True
Is 1396318397 composite?
False
Is 142718239 prime?
True
Is 34268382403 a composite number?
False
Is 65124563627 composite?
False
Is 13607487527 prime?
True
Is 62333373191 a prime number?
True
Is 2765418893 a composite number?
False
Is 1002324221 prime?
False
Is 312935651 a composite number?
True
Is 1565957959 prime?
False
Is 256971457 prime?
True
Is 2038113067 composite?
True
Is 901041971 prime?
False
Is 85462127 composite?
False
Is 2588949749 a composite number?
True
Is 990812338 prime?
False
Is 492733261 prime?
True
Is 24193149121 prime?
True
Is 13059557323 a prime number?
False
Is 1044500573 a composite number?
True
Is 15511402079 a composite number?
True
Is 6418591967 a prime number?
True
Is 70170168751 a composite number?
False
Is 19303331053 a composite number?
False
Is 33814803731 composite?
True
Is 781523417 composite?
True
Is 448460603 a composite number?
False
Is 394918333 a prime number?
True
Is 523191259 composite?
False
Is 9433246951 a prime number?
True
Is 36632500603 composite?
False
Is 104747261 a composite number?
True
Is 1131429209 prime?
True
Is 5654249633 prime?
True
Is 7685500027 a composite number?
True
Is 1675660297 composite?
False
Is 2069791471 a prime number?
False
Is 10044765601 a prime number?
False
Is 12376762609 a composite number?
False
Is 80416057633 a composite number?
False
Is 5615899573 prime?
True
Is 1259418499 a prime number?
True
Is 2091712439 a composite number?
True
Is 591227911 composite?
False
Is 531574711 composite?
False
Is 5462098981 a prime number?
False
Is 246719321 composite?
True
Is 4771593283 composite?
False
Is 8595188201 composite?
False
Is 40862707573 composite?
False
Is 10913333077 a prime number?
True
Is 304756717 a prime number?
False
Is 5238575893 a composite number?
False
Is 60552108289 a prime number?
True
Is 700119607 prime?
False
Is 77514683 composite?
False
Is 248891189 composite?
False
Is 61150610347 composite?
True
Is 414932131 prime?
False
Is 255043193489 composite?
True
Is 2769836231 composite?
True
Is 1065799087 a prime number?
True
Is 4178753263 prime?
False
Is 875235377 a composite number?
True
Is 3651913481 composite?
True
Is 15765467243 prime?
False
Is 401010419 a composite number?
True
Is 2090300383 prime?
False
Is 37006309555 a composite number?
True
Is 112813789 a prime number?
False
Is 14708459 composite?
True
Is 65059143967 a composite number?
False
Is 1249570969 composite?
True
Is 208361341 composite?
False
Is 124556141 a composite number?
True
Is 3787033739 a prime number?
False
Is 52311247 prime?
False
Is 1946126563 a composite number?
False
Is 8107413187 a composite number?
False
Is 1470881283 a composite number?
True
Is 5471420411 prime?
True
Is 58813113813 prime?
False
Is 48827636981 a prime number?
True
Is 17359996538 a composite number?
True
Is 13010870827 composite?
False
Is 9234649337 composite?
True
Is 134952705155 a prime number?
False
Is 27789242821 a composite number?
False
Is 6263735603 a composite number?
False
Is 1407916817 composite?
False
Is 27488545167 a composite number?
True
Is 2015928437 a composite number?
True
Is 6779653081 a composite number?
False
Is 1755364517 composite?
False
Is 388605149 composite?
False
Is 31725668177 a prime number?
False
Is 43542529559 prime?
False
Is 2375252497 composite?
False
Is 34500557341 a prime number?
False
Is 2781552607 a prime number?
True
Is 354796081 prime?
True
Is 11508713971 a composite number?
True
Is 88557451 a composite number?
True
Is 3039255803 prime?
False
Is 7942404293 prime?
True
Is 90673481753 prime?
False
Is 326806819 a prime number?
True
Is 585598637 a prime number?
False
Is 1473057623 a prime number?
False
Is 702565273 composite?
True
Is 1136949193 a prime number?
False
Is 1130925063 composite?
True
Is 41130215333 prime?
True
Is 3974957417 a composite number?
False
Is 816168653 composite?
True
Is 23902580879 composite?
False
Is 379739887 prime?
False
Is 919488811 a composite number?
True
Is 1008707006 composite?
True
Is 63326939363 prime?
False
Is 2650094899 composite?
True
Is 19809468617 composite?
False
Is 5101245769 a prime number?
True
Is 13249983643 prime?
False
Is 267088919 prime?
True
Is 3847121447 prime?
False
Is 4627878979 a composite number?
True
Is 9949808173 composite?
False
Is 5870407723 prime?
True
Is 628772219 prime?
True
Is 4362508727 a composite number?
False
Is 18818143639 a prime number?
False
Is 13151255041 a composite number?
True
Is 536071995143 a composite number?
False
Is 39070063735 composite?
True
Is 10965349627 composite?
False
Is 258690851 prime?
True
Is 367410041 a prime number?
False
Is 28388197261 composite?
False
Is 2101744257 composite?
True
Is 3520660817 a composite number?
True
Is 2009331287 a prime number?
False
Is 75783311 prime?
False
Is 54894227989 a prime number?
True
Is 162290459 a composite number?
False
Is 175258201889 prime?
True
Is 1281317549 a prime number?
True
Is 4114979723 a composite number?
True
Is 481817563 a composite number?
True
Is 2217129847 prime?
False
Is 1419219337 a prime number?
True
Is 131753038213 a prime number?
False
Is 7242594733 prime?
False
Is 540470881 a composite number?
True
Is 739591367 prime?
True
Is 87584654611 a composite number?
True
Is 37816391869 a composite number?
False
Is 1822632127 prime?
False
Is 28804709431 a composite number?
False
Is 2852792387 composite?
True
Is 304059893 prime?
True
Is 178989527 composite?
False
Is 795416327 composite?
True
Is 2554792493 composi